eatest common factor of 4645 and 920.
5
Calculate the highest common divisor of 474 and 66992.
158
What is the greatest common factor of 130 and 357370?
130
What is the highest common factor of 1 and 239305?
1
What is the greatest common factor of 143869 and 7337?
319
What is the highest common factor of 315431 and 488?
61
Calculate the highest common factor of 174 and 435.
87
What is the highest common factor of 338 and 280202?
338
What is the highest common factor of 21897 and 69746?
811
Calculate the highest common divisor of 10341795 and 786.
393
What is the highest common factor of 15142 and 2278?
134
Calculate the greatest common factor of 812 and 7396508.
812
What is the highest common factor of 17792 and 61994?
278
What is the highest common divisor of 1936 and 24079?
121
What is the highest common factor of 3324 and 33?
3
Calculate the greatest common factor of 112 and 994.
14
Calculate the highest common factor of 261 and 591.
3
Calculate the highest common factor of 3311 and 28.
7
Calculate the greatest common divisor of 74218 and 86.
86
Calculate the highest common factor of 45 and 1295.
5
Calculate the highest common divisor of 9823 and 2068.
517
What is the greatest common divisor of 1442 and 3962?
14
Calculate the highest common divisor of 536 and 984.
8
What is the greatest common factor of 3 and 2866779?
3
What is the highest common divisor of 550 and 1087625?
275
Calculate the greatest common divisor of 10010 and 32370.
130
Calculate the highest common divisor of 4046 and 68.
34
What is the highest common factor of 113640 and 6990?
30
What is the highest common divisor of 48136 and 154?
22
Calculate the highest common factor of 68 and 94843.
17
Calculate the highest common divisor of 55440 and 6996.
132
What is the highest common factor of 268 and 157517?
67
Calculate the greatest common factor of 400 and 18018800.
400
Calculate the highest common divisor of 11 and 7944673.
11
Calculate the greatest common divisor of 138 and 882.
6
Calculate the highest common divisor of 59452 and 56780.
668
What is the greatest common factor of 14250 and 17290?
190
What is the greatest common factor of 3 and 303357?
3
What is the highest common divisor of 1631 and 5825?
233
Calculate the greatest common divisor of 171 and 170449.
19
What is the highest common divisor of 5683640 and 4530?
1510
Calculate the greatest common divisor of 69 and 141657.
69
Calculate the highest common factor of 418 and 567435.
209
Calculate the greatest common divisor of 264041 and 146.
73
Calculate the highest common divisor of 186 and 43887.
3
Calculate the highest common factor of 115651 and 17.
17
What is the greatest common divisor of 12223704 and 16?
8
Calculate the highest common factor of 12079 and 141.
47
What is the greatest common factor of 315 and 56448?
63
Calculate the greatest common factor of 774 and 21758.
86
What is the highest common factor of 70 and 28570?
10
Calculate the greatest common divisor of 3973170 and 30.
30
Calculate the greatest common factor of 29001 and 4053.
21
Calculate the greatest common divisor of 932 and 474854.
466
What is the greatest common factor of 34043 and 1475?
59
Calculate the highest common factor of 19 and 7201.
19
What is the greatest common factor of 39308 and 8804?
124
What is the highest common factor of 1980 and 120340?
220
What is the greatest common factor of 8118 and 792?
198
What is the greatest common divisor of 447804 and 252?
252
What is the highest common divisor of 20088 and 12312?
648
Calculate the highest common factor of 1382742 and 36.
18
Calculate the highest common divisor of 119 and 9231.
17
What is the greatest common factor of 24423612 and 12?
12
Calculate the greatest common factor of 72358 and 130.
26
What is the highest common factor of 30 and 141945?
15
What is the greatest common divisor of 1053256 and 124?
124
Calculate the greatest common divisor of 34408 and 11638.
506
What is the greatest common factor of 108418 and 302?
302
What is the greatest common divisor of 225 and 71541?
9
Calculate the highest common divisor of 10757 and 22.
1
Calculate the highest common factor of 1257 and 396793.
419
Calculate the greatest common factor of 12463 and 968.
121
Calculate the greatest common factor of 1026816 and 224.
224
Calculate the highest common divisor of 1024 and 998912.
512
Calculate the highest common factor of 2838 and 451.
11
What is the highest common factor of 768 and 89664?
192
What is the greatest common factor of 1445 and 180?
5
What is the highest common factor of 179583 and 18?
3
Calculate the greatest common factor of 8015114 and 86.
86
Calculate the greatest common divisor of 64435 and 2695.
245
Calculate the highest common divisor of 680 and 137980.
20
What is the greatest common divisor of 97020 and 63?
63
Calculate the highest common divisor of 167219 and 57.
19
What is the highest common divisor of 38 and 3462?
2
Calculate the highest common factor of 564 and 12366.
6
What is the highest common divisor of 78451 and 513?
19
Calculate the highest common divisor of 70533 and 459.
153
What is the highest common divisor of 22018 and 4646?
202
What is the greatest common divisor of 210 and 1182160?
70
What is the greatest common divisor of 32686 and 2950?
118
Calculate the highest common factor of 235 and 63967.
47
Calculate the highest common factor of 2296 and 70.
14
Calculate the highest common factor of 3388 and 49610.
242
What is the highest common divisor of 29529 and 21420?
153
Calculate the greatest common factor of 20464 and 1712.
16
What is the highest common factor of 51686 and 172?
86
Calculate the greatest common divisor of 698 and 52.
2
What is the greatest common factor of 1839 and 2874?
3
What is the highest common divisor of 75540 and 4020?
60
What is the highest common divisor of 2741778 and 162?
18
Calculate the greatest common factor of 324 and 20238.
6
What is the greatest common divisor of 69675 and 30?
15
Calculate the greatest common factor of 1806 and 43932.
42
What is the highest common divisor of 358630 and 70?
10
Calculate the highest common factor of 2946 and 27.
3
What is the highest common factor of 160065 and 2790?
45
What is the greatest common divisor of 14094 and 348?
174
Calculate the greatest common factor of 60 and 2172.
12
Calculate the highest common divisor of 4424 and 2030.
14
What is the highest common factor of 102670 and 10?
10
Calculate the greatest common divisor of 750 and 218430.
30
Calculate the greatest common factor of 2825 and 800.
25
What is the greatest common divisor of 430308 and 324?
36
Calculate the greatest common factor of 400 and 18360.
40
Calculate the highest common factor of 111 and 650127.
111
What is the highest common factor of 171190 and 285?
95
What is the highest common factor of 122380 and 40?
20
What is the highest common factor of 40 and 48860?
20
What is the highest common divisor of 4949 and 3332?
49
What is the highest common factor of 38584 and 53144?
728
What is the greatest common divisor of 212 and 287578?
106
Calculate the greatest common factor of 215168 and 1024.
128
What is the greatest common divisor of 3030 and 2040?
30
What is the greatest common factor of 675 and 1411695?
135
What is the highest common factor of 52 and 21268?
52
What is the highest common divisor of 540 and 1331910?
270
What is the greatest common factor of 2584 and 12512?
136
What is the greatest common divisor of 461316 and 3996?
444
Calculate the highest common factor of 8843 and 27007.
239
What is the greatest common factor of 1109486 and 1330?
266
What is the greatest common divisor of 9 and 822303?
9
What is the highest common factor of 138 and 23138?
46
What is the greatest common factor of 26313 and 441?
147
What is the highest common factor of 230670 and 18?
18
Calculate the greatest common divisor of 2632 and 276689.
329
What is the highest common divisor of 33 and 48356?
11
What is the highest common divisor of 20075 and 927100?
1825
Calculate the highest common factor of 130108 and 110.
22
What is the greatest common factor of 3404243 and 424?
53
What is the greatest common divisor of 19601 and 527?
17
What is the highest common divisor of 10 and 50970?
10
Calculate the highest common divisor of 228 and 4